test common factor of 136540 and 6180.
20
What is the greatest common divisor of 52 and 171967874?
26
What is the highest common factor of 2432859 and 5863?
143
What is the greatest common factor of 7965 and 89691210?
2655
Calculate the highest common factor of 871632 and 452.
4
What is the highest common divisor of 4 and 5490668?
4
What is the highest common divisor of 416559302 and 24104?
6026
Calculate the greatest common divisor of 39032 and 15761584.
136
What is the highest common divisor of 1352016 and 4182?
246
What is the highest common divisor of 4223576 and 392?
56
Calculate the greatest common factor of 350743 and 171952.
977
What is the greatest common divisor of 19497 and 532821?
291
Calculate the highest common factor of 890407 and 740019.
917
What is the highest common divisor of 56638512 and 240112?
5584
Calculate the highest common divisor of 517 and 32931932.
11
What is the greatest common divisor of 4745 and 41990?
65
What is the highest common divisor of 7239 and 284696?
19
What is the highest common divisor of 728 and 33593?
7
Calculate the highest common factor of 105 and 8385690.
15
Calculate the highest common divisor of 243313 and 1141.
7
Calculate the greatest common divisor of 13009908 and 13270.
2654
Calculate the highest common divisor of 267 and 58051229.
89
What is the highest common divisor of 15272484 and 4008?
2004
What is the greatest common factor of 90 and 39042690?
30
Calculate the greatest common divisor of 12369617 and 18603.
689
Calculate the greatest common factor of 125 and 53565845.
5
What is the highest common factor of 235871970 and 10?
10
What is the highest common factor of 10 and 88038?
2
Calculate the greatest common factor of 607428415 and 8525.
1705
Calculate the highest common divisor of 486343 and 25883.
143
What is the highest common divisor of 420023 and 491311?
67
Calculate the greatest common divisor of 60 and 8866980.
60
Calculate the greatest common divisor of 10 and 1413625120.
10
Calculate the highest common divisor of 1173344056 and 3448.
3448
What is the greatest common factor of 41280 and 2314560?
960
What is the greatest common factor of 981528 and 216?
24
What is the greatest common factor of 1984670 and 155?
5
Calculate the greatest common divisor of 1151794 and 8326.
46
Calculate the highest common factor of 1204 and 5667284.
28
What is the greatest common divisor of 1612 and 18366296?
52
What is the greatest common divisor of 1662 and 5118?
6
Calculate the greatest common divisor of 44760 and 64740.
60
Calculate the greatest common factor of 66941 and 2020151.
917
Calculate the highest common divisor of 570 and 139104510.
570
What is the greatest common factor of 8065 and 179480123?
1613
Calculate the greatest common divisor of 56745 and 1463085.
585
Calculate the greatest common factor of 530094976 and 848.
848
Calculate the greatest common factor of 16385870 and 2320.
290
What is the greatest common divisor of 78286 and 15938?
26
Calculate the greatest common divisor of 54 and 116825193.
27
What is the highest common factor of 264265 and 234325330?
15545
What is the highest common divisor of 2992 and 152961512?
1496
What is the highest common divisor of 675 and 959661?
27
Calculate the highest common divisor of 777183 and 363.
363
Calculate the greatest common factor of 2886 and 25622870.
962
What is the highest common divisor of 38027475 and 15?
15
What is the greatest common factor of 297236243 and 106?
53
Calculate the highest common divisor of 522104734 and 206.
206
Calculate the highest common divisor of 729500 and 8860.
20
Calculate the highest common factor of 39766 and 10059450.
674
What is the highest common divisor of 2538 and 2837578?
94
Calculate the highest common divisor of 49907 and 2761.
11
What is the greatest common divisor of 10 and 8832865?
5
What is the greatest common factor of 8041 and 466345?
11
Calculate the highest common divisor of 48180902 and 770.
154
Calculate the highest common divisor of 25240 and 262.
2
What is the highest common factor of 132 and 26862096?
12
What is the highest common factor of 2238845 and 3290?
1645
What is the highest common divisor of 20102012 and 413?
7
What is the greatest common divisor of 3588023 and 5329?
73
What is the greatest common factor of 9737 and 562285?
107
What is the greatest common factor of 91914597 and 2635?
527
Calculate the greatest common divisor of 12069 and 87888991.
149
Calculate the greatest common factor of 160 and 12111320.
40
What is the greatest common divisor of 284378380 and 13?
13
What is the highest common factor of 14603641 and 1073?
37
Calculate the greatest common divisor of 299232 and 29664.
288
Calculate the highest common factor of 62534041 and 7021.
1003
Calculate the greatest common factor of 16368 and 16741736.
2728
Calculate the highest common divisor of 2859446 and 1041552.
4822
Calculate the greatest common factor of 81069753 and 357.
51
Calculate the highest common divisor of 1875 and 171175.
25
What is the highest common divisor of 28138859 and 17?
17
What is the greatest common divisor of 497033 and 150567?
1619
What is the highest common factor of 18770 and 66967606?
3754
Calculate the highest common divisor of 120186 and 792.
198
Calculate the highest common factor of 670438 and 14.
2
What is the greatest common divisor of 14 and 191080064?
14
Calculate the highest common factor of 5445 and 1734755.
55
What is the highest common divisor of 187 and 60526341?
17
What is the highest common factor of 37381044 and 4?
4
What is the greatest common factor of 134123 and 180188154?
12193
What is the greatest common divisor of 779 and 13027627?
41
What is the greatest common divisor of 4836 and 608313?
93
Calculate the greatest common divisor of 69 and 10222396.
23
What is the greatest common factor of 7943708 and 7184?
1796
What is the highest common divisor of 37496 and 30430184?
872
Calculate the highest common factor of 3071358 and 20196.
54
Calculate the greatest common factor of 768 and 1126848.
192
What is the greatest common factor of 2205 and 72863?
49
Calculate the highest common factor of 5576 and 37913520.
328
Calculate the greatest common divisor of 45761097 and 2217.
2217
What is the greatest common factor of 496656992 and 1664?
416
Calculate the highest common factor of 547 and 17932301.
547
Calculate the greatest common factor of 158441 and 1721647.
589
What is the highest common divisor of 45 and 514645095?
15
Calculate the greatest common factor of 801 and 36483681.
267
What is the greatest common divisor of 11134 and 5735768?
586
What is the greatest common divisor of 1808 and 31752322?
226
Calculate the highest common factor of 70292 and 6.
2
What is the greatest common divisor of 1173 and 10946367?
69
Calculate the greatest common factor of 154175 and 5810.
35
Calculate the highest common factor of 10646312 and 248.
8
What is the greatest common divisor of 292901 and 756?
7
Calculate the greatest common factor of 1568 and 161322.
14
Calculate the greatest common factor of 1127158 and 35258.
122
What is the highest common factor of 2278 and 13439350?
34
Calculate the highest common factor of 694805 and 711.
79
Calculate the greatest common factor of 794689 and 457639.
749
What is the highest common divisor of 63 and 690240?
3
What is the highest common factor of 25335 and 42495?
15
Calculate the highest common factor of 940 and 1891660.
20
Calculate the highest common factor of 15341 and 1952539.
529
Calculate the greatest common divisor of 729744 and 21648.
48
What is the highest common divisor of 781 and 14811203?
11
Calculate the greatest common factor of 2520767 and 39063.
29
What is the greatest common divisor of 44782518 and 24288?
1518
Calculate the highest common factor of 474961 and 447949.
2251
What is the greatest common divisor of 122554 and 31088?
58
What is the highest common divisor of 15250 and 99775?
25
Calculate the highest common factor of 861 and 192463143.
123
What is the greatest common divisor of 22737 and 7247383?
143
What is the greatest common divisor of 782352 and 4428?
108
Calculate the highest common divisor of 39 and 54409667.
13
What is the highest common factor of 874320 and 810?
30
Calculate the greatest common factor of 